= -p - 26 + 99. List the prime factors of p.
73
Suppose 4*n + 2 = 2*a, 3*a + 2*n - 5*n = 18. Suppose 0 = -a*c + 8*c - 21. Let j = c + 18. What are the prime factors of j?
11
Let s(l) = -22*l - 140. Let w be s(-3). Suppose 2*q = 4 + 300. Let g = q + w. What are the prime factors of g?
2, 3, 13
Let t(f) = 407*f + 8351. List the prime factors of t(0).
7, 1193
Let o(p) be the third derivative of p**5/30 + 5*p**4/24 - 2*p**3/3 + 2*p**2 - 29. What are the prime factors of o(3)?
29
Let h(s) = 61*s**2 - 5*s + 227. List the prime factors of h(14).
12113
Suppose 0 = -5*s - 25, 0 = -5*v - 15*s + 17*s + 11890. List the prime factors of v.
2, 3, 11
Let j = 89 - 93. What are the prime factors of j/12 + (-1)/((-9)/7374)?
3, 7, 13
Suppose 3*l = -2*k + 1, 0 = -5*k - 3*l + 35 - 10. Suppose 2*n + 17 = 3*q, -2*n - 4*q - k = 30. Let z = 37 + n. List the prime factors of z.
2, 3
Let o be (-279)/12*(-5)/((-25)/20). Let l = -93 - o. Suppose 1694 = 11*u - l*u. List the prime factors of u.
2, 7, 11
Let h(z) = 2*z + 75*z**2 - 5 + 3*z - 76*z**2. Let g be h(3). List the prime factors of (7 - 9) + g*80.
2, 3, 13
Let t(g) = -41*g - 21. Let i be t(-5). Let w be (1230/45)/((-2)/6). Let s = i + w. List the prime factors of s.
2, 3, 17
Let h(g) = -g**3 + 41*g**2 + 44*g - 81. List the prime factors of h(33).
3, 3361
Suppose 40*t + 254*t = -107*t + 2967801. List the prime factors of t.
3, 2467
Suppose w + 46470 = 4*u + 8*u, 4*w + 15512 = 4*u. What are the prime factors of u?
2, 11
Suppose -2*h - 13596 = -6*h + h. What are the prime factors of h?
2, 11, 103
Let r(x) = -x**3 + 9*x**2 - 5*x - 8. Let u be r(7). Suppose 59*n - u*n = 16. What are the prime factors of 1/((1 - n)/(-207))?
3, 23
Suppose -16 = 2*y - 0*y + 4*l, 2*l + 8 = -2*y. Suppose y*u + 7 = -u. List the prime factors of (73 - 2) + 28/u.
67
Let v be (-2 + (-5 - -8))*2. Suppose 8*p + 2450 = -v*p. Let f = -73 - p. What are the prime factors of f?
2, 43
Let l = 48460 + -21096. List the prime factors of l.
2, 6841
Let x(n) = n**3 - 4*n**2 - 11*n + 3. Let a be x(6). Suppose a*i = 6*i + 2607. What are the prime factors of i?
11, 79
Suppose -2*q + 208 = 3*t, 0 = -0*q + 2*q + 4*t - 210. Suppose -q*d = -96*d + 35. Let y(r) = r**2 - 1. List the prime factors of y(d).
2, 3
Suppose 0 = -3*z - 3*c - 2481, -z - 2*c - 829 = -0*z. Let h = -563 - z. What are the prime factors of h?
2, 131
Let b(u) = -108*u**3 - 6*u**2 - 52*u - 23. List the prime factors of b(-9).
78691
Let r = -343 + 353. List the prime factors of (7 - 55/r)/(3/352).
2, 11
Let z(p) be the first derivative of -91*p**2/2 - 3*p + 65. List the prime factors of z(-8).
5, 29
Let c be 61*1 - (36/(-6) - -4). Let t(s) = 25*s + 7 - c*s - 2. List the prime factors of t(-1).
43
Suppose -4*u - 142 + 42 = 0. List the prime factors of (27 + u)*(-3)/((-12)/1106).
7, 79
Suppose 132239 = 2*x - c, -14*c = -5*x + 9*x - 264462. What are the prime factors of x?
37, 1787
Suppose 0 = c - 6*c + 5*f + 16645, 0 = 3*c + 3*f - 10005. List the prime factors of c.
2, 7, 17
Suppose -2*x + 55825 - 17325 = 4*r, 0 = -4*r - 4*x + 38500. List the prime factors of r.
5, 7, 11
Let q(a) = 151*a**3 + 8*a**2 - 101*a + 32. List the prime factors of q(7).
2, 3, 5, 17, 101
Let g = 8759 + -209. What are the prime factors of 8/28 + g/14?
13, 47
Suppose -l = -4, -3*x - 9*l + 4*l = -71393. What are the prime factors of x?
37, 643
Let b(f) = -f**3 + 19*f**2 + 34*f - 192. Let z be b(19). List the prime factors of 2 + -6 + (-10)/(-5) + z.
2, 113
Let m(s) = 4*s**2 + 13*s - 99. What are the prime factors of m(31)?
2, 17, 61
Let o(r) = r**3 - 10*r**2 + 11*r - 25. Let z be o(10). Suppose 5*k = b - 82, -b + z = 5*k - 7*k. Suppose -m + b = 5. What are the prime factors of m?
2, 41
Let l(k) = k**3 - k + 172. Let b be (1 - 0) + 1*(-1 - 0). Suppose 57*w - 55*w = b. List the prime factors of l(w).
2, 43
Suppose 3*q - 3*h - 22346 = -5210, 5*h = 15. What are the prime factors of (1/(-3))/(22857/q + -4)?
5, 127
Let o = -282 - -285. Suppose 18*w - 4845 = o*w. List the prime factors of w.
17, 19
Let f(r) = 3*r**2 - 6*r + 2. Let s be f(2). Suppose 2*h = 3*q + 212, -5*h + 2*q = 3*q - 513. Suppose -s*n - h = -357. List the prime factors of n.
127
Let n be ((-1)/2)/(9/(-216)). Let x(h) = -n*h - 16*h + 22*h + 5. List the prime factors of x(-4).
29
Suppose -5*a - 2*a - 13*a = -680040. List the prime factors of a.
2, 3, 1889
Let a = 205178 - 138863. What are the prime factors of a?
3, 5, 4421
Suppose -5 = l - 10. Suppose l*k = 2*k + 27. List the prime factors of -9*(3/9 - 84/k).
3
Suppose 23*j = -45 + 160. Let k = 873 + -460. Suppose 5*q + j*v - 774 + 144 = 0, -k = -3*q + 4*v. What are the prime factors of q?
131
Suppose -54*h + 972672 = -6*h. List the prime factors of h.
2, 17, 149
Let h(u) = -u**2 - 9*u - 20. Let m be h(-5). Suppose m*p + 7 = 7*p. What are the prime factors of 14 - -196 - (5 - p)?
2, 103
Let w(m) = -m**3 + m**2 + 10*m - 12. Let i be w(3). Suppose i = 3*c - 1393 - 917. List the prime factors of c.
2, 5, 7, 11
Suppose 5232 = 9*t - 12*t. Let h = 2509 + t. What are the prime factors of h?
3, 5, 17
Suppose -4*p + 11 - 599 = -4*d, 0 = -3*d - p + 429. Suppose -6*n = -25 + 25. Suppose -i - 78 = -c, c + c - 5*i - d = n. What are the prime factors of c?
2, 41
Let b(n) = -n**3 + 33*n**2 + 33*n + 50. Let y be b(34). Suppose -1834 = -5*i - 2*c, -i + y*c + 364 = 15*c. What are the prime factors of i?
2, 3, 61
Suppose 2*p - 2*z - 986 = 0, 3*p - 5*z - 945 - 530 = 0. Let v = p + -381. List the prime factors of v.
2, 3, 19
Let o(r) = -r**3 - 11*r**2 + 46*r + 58. Let u be o(-14). Suppose -2*h = 2*l - 598, -5*l + 2246 - 736 = u*h. What are the prime factors of l?
2, 19
Let a = 5 - 3. Let y be 10/(-240)*6*0. Suppose a*i - 33 - 109 = y. List the prime factors of i.
71
Let r = -416 + 420. Suppose -2865 - 439 = -r*h. List the prime factors of h.
2, 7, 59
Let y be (18/(-12))/((-9)/12). Suppose 2*k - k = -2*i, -y = k + 3*i. Suppose 2*b - 232 = -3*g, g = k*b - 2*g - 446. List the prime factors of b.
113
Let y(k) = -154*k + 153. Let c be y(-9). What are the prime factors of (4/3)/(-10 - (-15393)/c)?
2, 3, 19
What are the prime factors of (-1093421)/(-35) + ((-8)/(-140)*7 - 0)?
7, 4463
Suppose -484926 + 2778612 = 144*h - 3500010. List the prime factors of h.
2, 20117
Suppose -48*a + 45*a = -9. Let l(s) = -8*s + 8. Let q be l(a). Let w = 128 + q. List the prime factors of w.
2, 7
Let r(b) = -265*b - 4. Let j be r(-4). Let a = 2461 + -2420. Suppose 49*f - a*f = j. What are the prime factors of f?
2, 3, 11
List the prime factors of 5769/(-2)*(-286)/429.
3, 641
Suppose 12*z + z = -49*z + 1917536. List the prime factors of z.
2, 1933
Let q be (-2 - -8)*(-9)/2. What are the prime factors of ((-388)/(-18))/((-3)/q)?
2, 97
Suppose 1631*k + 39340 = 1636*k. What are the prime factors of k?
2, 7, 281
Let z(f) = 18 - f**3 + 3 + 19*f - 35 + 10*f**2. Let v(y) = -8*y - 14. Let c be v(-3). List the prime factors of z(c).
2, 11
Let n = -15 - -13. Let t(u) = u**2 - u - 1. Let q be t(n). Suppose -88 = -q*c + 47. What are the prime factors of c?
3
Let y = -69 - -98. Suppose -y = -5*g + 2*a, -a = 3*g + 3*a - 7. Suppose 461 = g*d + 4*h, -2*h + 8 = -0*h. List the prime factors of d.
89
Let k(x) = 753*x**2 - 86*x - 412. List the prime factors of k(-5).
3, 11, 571
Let p = -7746 - -15801. Suppose 11*d - 437 = p. List the prime factors of d.
2, 193
Let l = -320 + 619. Suppose -m + 7*q = 5*q - l, m + 5*q - 264 = 0. Suppose 3*h + 4*f = m, -5*f + 6 - 31 = 0. List the prime factors of h.
103
What are the prime factors of (-338)/(((-304)/(-2508))/(8/(-6)))?
2, 11, 13
Let a(m) = m**2 + 5*m - 10. Let t be a(-7). Suppose 1198 = 4*i + 4*s - 1102, -i + t*s = -595. List the prime factors of i.
3, 193
Let b(k) = 824*k + 4435. List the prime factors of b(21).
21739
Let h = 15 + -4. Let s(b) = -b**3 + 13*b**2 - 14*b + 9. What are the prime factors of s(h)?
97
Suppose -218*g + 55434 = -212*g. What are the prime factors of g?
9239
Let p(v) be the third derivative of 5*v**4/4 - 67*v**3/6 - 7*v**2 + 2*v. List the prime factors of p(14).
353
Suppose 24*c + 16*c - 1519920 = 0. List the prime factors of c.
2, 3, 2111
Suppose -76 - 71 = -g. Suppose -n - g = -8*n. What are the prime factors of n/((5 - -1)/(22 - 8))?
7
Let f = 1299 - -2996. Suppose -f = 13*t - 18*t. List the prime factors of t.
859